{"id":2,"date":"2023-11-11T23:50:19","date_gmt":"2023-11-11T22:50:19","guid":{"rendered":"http:\/\/hillary-ping-pong.com\/?page_id=2"},"modified":"2023-12-27T01:02:56","modified_gmt":"2023-12-27T00:02:56","slug":"hillary","status":"publish","type":"page","link":"https:\/\/hillary-ping-pong.com\/index.php\/hillary\/","title":{"rendered":"Hillary Ping Pong"},"content":{"rendered":"\n<p>Hillary Ping Pong est une exploratrice des potentialit\u00e9s de l&rsquo;intelligence artificielle dans la sph\u00e8re de l&rsquo;art visuel. Ses \u0153uvres, engendr\u00e9es avec l&rsquo;assistance de l&rsquo;AI, sont des tentatives de capturer des sc\u00e8nes qui juxtaposent le quotidien \u00e0 l&rsquo;extraordinaire.<\/p>\n\n\n\n<p>Son approche artistique est marqu\u00e9e par l&rsquo;exp\u00e9rimentation. Elle utilise l&rsquo;AI comme une extension de sa palette cr\u00e9ative, permettant une fusion entre la technologie et son sens esth\u00e9tique personnel. Le r\u00e9sultat est une collection d&rsquo;images qui invitent \u00e0 une r\u00e9flexion douce sur notre environnement et notre interaction avec les \u00e9l\u00e9ments qui nous entourent.<\/p>\n\n\n\n<p>\u00c0 travers ces \u0153uvres, Hillary cherche moins \u00e0 impressionner qu&rsquo;\u00e0 inviter \u00e0 la contemplation, \u00e0 la d\u00e9couverte et \u00e0 l&rsquo;appr\u00e9ciation du potentiel cr\u00e9atif partag\u00e9 entre l&rsquo;humain et la machine. Son art est une invitation humble \u00e0 observer le monde \u00e0 travers un prisme l\u00e9g\u00e8rement diff\u00e9rent, teint\u00e9 de curiosit\u00e9 et de la volont\u00e9 de comprendre ce que peut \u00eatre l&rsquo;art \u00e0 l&rsquo;\u00e8re de l&rsquo;intelligence artificielle.<\/p>\n","protected":false},"excerpt":{"rendered":"<p>Hillary Ping Pong est une exploratrice des potentialit\u00e9s de l&rsquo;intelligence artificielle dans la sph\u00e8re de l&rsquo;art visuel. Ses \u0153uvres, engendr\u00e9es avec l&rsquo;assistance de l&rsquo;AI, sont des tentatives de capturer des sc\u00e8nes qui juxtaposent le quotidien \u00e0 l&rsquo;extraordinaire. Son approche artistique est marqu\u00e9e par l&rsquo;exp\u00e9rimentation. Elle utilise l&rsquo;AI comme une extension de sa palette cr\u00e9ative, permettant [&hellip;]<\/p>\n","protected":false},"author":1,"featured_media":0,"parent":0,"menu_order":2,"comment_status":"closed","ping_status":"open","template":"","meta":{"footnotes":""},"_links":{"self":[{"href":"https:\/\/hillary-ping-pong.com\/index.php\/wp-json\/wp\/v2\/pages\/2"}],"collection":[{"href":"https:\/\/hillary-ping-pong.com\/index.php\/wp-json\/wp\/v2\/pages"}],"about":[{"href":"https:\/\/hillary-ping-pong.com\/index.php\/wp-json\/wp\/v2\/types\/page"}],"author":[{"embeddable":true,"href":"https:\/\/hillary-ping-pong.com\/index.php\/wp-json\/wp\/v2\/users\/1"}],"replies":[{"embeddable":true,"href":"https:\/\/hillary-ping-pong.com\/index.php\/wp-json\/wp\/v2\/comments?post=2"}],"version-history":[{"count":5,"href":"https:\/\/hillary-ping-pong.com\/index.php\/wp-json\/wp\/v2\/pages\/2\/revisions"}],"predecessor-version":[{"id":646,"href":"https:\/\/hillary-ping-pong.com\/index.php\/wp-json\/wp\/v2\/pages\/2\/revisions\/646"}],"wp:attachment":[{"href":"https:\/\/hillary-ping-pong.com\/index.php\/wp-json\/wp\/v2\/media?parent=2"}],"curies":[{"name":"wp","href":"https:\/\/api.w.org\/{rel}","templated":true}]}}